2002?
-41551
In base 15, what is 39 - -3c9c?
3cd6
In base 3, what is 20 + 10200220010?
10200220100
In base 6, what is 341421 - 124?
341253
In base 12, what is 4 + -b5027?
-b5023
In base 4, what is -2 + -103300001?
-103300003
In base 16, what is -16 - -3197?
3181
In base 12, what is 18 + -264b9?
-264a1
In base 8, what is 67354 - 0?
67354
In base 8, what is -10 + 325015?
325005
In base 8, what is 10526 + 25?
10553
In base 10, what is 712 - -4?
716
In base 2, what is -100010011011000 - -100?
-100010011010100
In base 6, what is -2441 - 13?
-2454
In base 10, what is 15 + 94845?
94860
In base 3, what is 201110 + 1111212?
2020022
In base 14, what is -13d7 + 0?
-13d7
In base 9, what is 1036 + -1?
1035
In base 2, what is -100 - -1101101101010111001?
1101101101010110101
In base 9, what is -20 + 13783?
13763
In base 11, what is -13a - -609?
47a
In base 9, what is -378 + 1771?
1382
In base 9, what is 114445 - -5?
114451
In base 16, what is 3 + 138c1?
138c4
In base 11, what is 4 - -22aaa?
23003
In base 14, what is 6b62 - 0?
6b62
In base 5, what is -2301 - 230223?
-233024
In base 16, what is -1 - -11d6c?
11d6b
In base 2, what is -110111001100101001000 + -10?
-110111001100101001010
In base 3, what is -110200102 + -122201?
-111100010
In base 10, what is 1803 + -248?
1555
In base 5, what is -3 + 122324302?
122324244
In base 9, what is -31 + 2706?
2665
In base 7, what is -1165 - 133?
-1331
In base 7, what is -1165344 + -10?
-1165354
In base 7, what is -5 + -352?
-360
In base 10, what is 59 + 374?
433
In base 3, what is 1102200210 + -1?
1102200202
In base 16, what is 22af - 7?
22a8
In base 10, what is 857468 + -2?
857466
In base 7, what is 4 + -2141124?
-2141120
In base 5, what is -24202421 - -3?
-24202413
In base 12, what is 16 + 2368?
2382
In base 3, what is -102 + 21011112?
21011010
In base 15, what is -4c5a - -a?
-4c50
In base 6, what is -324 - -11131?
10403
In base 10, what is -5 + 47479?
47474
In base 3, what is -202110002 + -10?
-202110012
In base 11, what is 0 - -241?
241
In base 16, what is 529b0 + 5?
529b5
In base 4, what is -233 + -3223100?
-3223333
In base 4, what is 1 + 3013102022?
3013102023
In base 11, what is -a0 + 2122?
2032
In base 9, what is 51602 - -48?
51651
In base 14, what is -2541 + -16?
-2557
In base 9, what is -386 - -18?
-367
In base 3, what is 11 - -201211012120?
201211012201
In base 9, what is -315 - 16134?
-16450
In base 5, what is -4104414 + 4?
-4104410
In base 9, what is 26 - 13362?
-13335
In base 13, what is -3 - -32747?
32744
In base 11, what is -2 - -76582?
76580
In base 4, what is -1 - -3303332?
3303331
In base 4, what is -2 - -32321133?
32321131
In base 5, what is 23321 - 34?
23232
In base 6, what is 4222 + 21450?
30112
In base 14, what is -72 - 368?
-3da
In base 3, what is 2211200100 - -10?
2211200110
In base 3, what is 2020212121 + 1?
2020212122
In base 3, what is 2 - -11001201012?
11001201021
In base 14, what is -2 + -8c1ab?
-8c1ad
In base 6, what is 2 + 1121342?
1121344
In base 15, what is a5c8 - 0?
a5c8
In base 9, what is -11 + 6042?
6031
In base 9, what is -488 + 1033?
434
In base 14, what is 2 - 219b1?
-219ad
In base 15, what is 394 + -40?
354
In base 13, what is -254 + -42b?
-682
In base 10, what is 21427 + 168?
21595
In base 8, what is -312 + -6761?
-7273
In base 16, what is -13 - 222a1?
-222b4
In base 9, what is -280 + -8210?
-8500
In base 13, what is 3c7 - -276?
670
In base 5, what is -1433 + -102?
-2040
In base 16, what is 7d40d + -6?
7d407
In base 13, what is -4 - -2190?
2189
In base 14, what is 82 + -5b?
25
In base 12, what is -b21 + 479?
-664
In base 16, what is 1 - 6fc4?
-6fc3
In base 8, what is 14 - -276235?
276251
In base 14, what is 4 + 367cd?
367d3
In base 7, what is -41 - -62240?
62166
In base 14, what is 8 + 66d4?
66dc
In base 3, what is 12 - 11000210?
-11000121
In base 4, what is 33211211 - 2?
33211203
In base 14, what is -48 + 6504?
649a
In base 13, what is -1322 + 3?
-131c
In base 13, what is 65377 - 3?
65374
In base 2, what is -1011000001101110 - -101?
-1011000001101001
In base 16, what is d + -33?
-26
In base 7, what is 201 + -3556?
-3355
In base 10, what is -2423 + -23?
-2446
In base 2, what is -110 + -10010001010001?
-10010001010111
In base 3, what is -222021200100 - 11?
-222021200111
In base 3, what is 120121212 + -12?
120121200
In base 11, what is 2 + 79a?
7a1
In base 4, what is -10 + -11001301?
-11001311
In base 12, what is 0 + 9b40?
9b40
In base 9, what is -7 + -388857?
-388865
In base 10, what is 34 + -11247?
-11213
In base 3, what is 10100210010 + 0?
10100210010
In base 15, what is 121 + -4454?
-4333
In base 7, what is 4 + 320262?
320266
In base 12, what is -3bb0b + 4?
-3bb07
In base 2, what is 100101 - -11110110111?
11111011100
In base 14, what is 598 - 1246?
-a8c
In base 8, what is -33443 + 5?
-33436
In base 9, what is -132024 - 28?
-132053
In base 8, what is -141 + -7402?
-7543
In base 15, what is -19502 + -d?
-19510
In base 12, what is 7691 + 1b?
76b0
In base 5, what is -1312 - 334?
-2201
In base 9, what is 13832 + -133?
13688
In base 3, what is -10000 + -1012020?
-1022020
In base 16, what is -653a - -3?
-6537
In base 9, what is -825 - 450?
-1375
In base 8, what is -1316 - -4?
-1312
In base 2, what is -10011010101010 - -100?
-10011010100110
In base 5, what is -2 + 10101321?
10101314
In base 7, what is 11152 + 1?
11153
In base 2, what is 110 - -1001110111100100?
1001110111101010
In base 6, what is -4121 + -41150?
-45311
In base 4, what is 331 - 120113?
-113122
In base 8, what is 127 - -343?
472
In base 15, what is 3a + -cb?
-91
In base 5, what is 11434324 - -2?
11434331
In base 4, what is 3 - 1033310?
-1033301
In base 5, what is 3 - -3220312?
3220320
In base 5, what is 223 + 101?
324
In base 5, what is -41 + -22122332?
-22122423
In base 9, what is 2 - 650036?
-650034
In base 13, what is -8bc0a - 4?
-8bc11
In base 14, what is 14d19 + -2?
14d17
In base 7, what is -1636 + 412?
-1224
In base 14, what is -a - ac5?
-ad1
In base 4, what is 3231033333 + 11?
3231100010
In base 7, what is 362 + 330?
1022
In base 6, what is -14212 + 5?
-14203
In base 2, what is 10101000001 - -101000000001?
111101000010
In base 14, what is -1148 + 2?
-1146
In base 5, what is -1 + -233031?
-233032
In base 10, what is -149 - 339?
-488
In base 10, what is -11 + -197088?
-197099
In base 9, what is -233078 + 2?
-233076
In base 4, what is -2203 - -2?
-2201
In base 6, what is -1230423 + -5?
-1230432
In base 12, what is -3b5 + 226?
-18b
In base 9, what is 43358 + -4?
43354
In base 14, what is -4c9 - -d8?
-3d1
In base 10, what is -15940 + 2?
-15938
In base 14, what is -6636 - 6?
-663c
In base 7, what is -20266 + -2?
-20301
In base 11, what is 1843 + -4?
183a
In base 2, what is 11011000100001101 + -11?
11011000100001010
In base 12, what is 14 + -4569?
-4555
In base 16, what is -4 - 39b1?
-39b5
In base 4, what is -112301 + -11?
-112312
In base 11, what is -65a3 + 2?
-65a1
In base 8, what is 26 - -3072?
3120
In base 10, what is -2435 - 242?
-2677
In base 16, what is -d - -1562?
1555
In base 9, what is 12 + -324260?
-324247
In base 3, what is -101 + -111021121?
-111021222
In base 11, what is 159487 + 1?
159488
In base 3, what is 0 + 1210010?
1210010
In base 14, what is 7a99 + 5?
7aa0
In base 7, what is 101633 + 31?
101664
In base 7, what is 555 - -160?
1045
In base 5, what is -2404 - -2100?
-304
In base 10, what is -2800 + 92?
-2708
In base 7, what is 432 + 142?
604
In base 12, what is 12 - a38?
-a26
In base 8, what is 5620141 - -4?
5620145
In base 13, what is 0 - -3c52?
3c52
In base 13, what is -4996 + 6?
-4990
In base 2, what is 1 - -1000110010101010010?
1000110010101010011
In base 2, what is 11000111111010001 - -10?
11000111111010011
In base 10, what is -2129 - -23?
-2106
In base 2, what is 10010010011111 + 1?
10010010100000
In base 4, what is 231220001 - -1?
231220002
In base 15, what is -db - 2c2?
-3ad
In base 16, what is -4d0e8 - 6?
-4d0ee
In base 6, what is 135020 + 15?
135035
In base 6, what is 10343 - 1002?
5341
In base 10, what is -84562 + 4?
-84558
In base 8, what is -2161263 - -3?
-2161260
In base 7, what is -1425142 + 4?
-1425135
In base 15, what is 7c0 + -1?
7be
In base 6, what is -2 - -235025?
235023
In base 16, what is -f6 + -3cb?
-4c1
In base 15, what is -2291 + -ba?
-235b
In base 8, what is 20 + 1455?
1475
